?
True
Does 1138 divide 484990232?
False
Is 65 a factor of 110883045?
True
Is 8817637 a multiple of 22?
False
Does 2762 divide 105943478?
False
Is 858 a factor of 45631264?
False
Does 66 divide 946643134?
False
Is 34 a factor of 5376522?
True
Is 4119 a factor of 646238148?
True
Is 1299 a factor of 336204642?
False
Is 253165500 a multiple of 470?
True
Does 2 divide 75504900?
True
Does 403 divide 46563282?
False
Is 5591160 a multiple of 167?
True
Does 188 divide 46600312?
True
Does 206 divide 44924545?
False
Does 2 divide 23596920?
True
Is 696948624 a multiple of 432?
True
Does 37 divide 2482445403?
True
Is 15 a factor of 347602860?
True
Does 246 divide 104894154?
True
Is 510 a factor of 3944486?
False
Is 593644880 a multiple of 8?
True
Does 369 divide 162878445?
True
Is 345068274 a multiple of 304?
False
Is 638 a factor of 1823004266?
False
Is 1462 a factor of 36083622?
True
Is 37423218 a multiple of 2351?
True
Does 10576 divide 2881949424?
True
Does 621 divide 32398879?
False
Does 3646 divide 17785188?
True
Is 827 a factor of 24470800?
False
Is 4275624165 a multiple of 5220?
False
Does 2450 divide 85113000?
True
Is 8092749 a multiple of 7?
True
Is 46837582 a multiple of 22?
True
Is 31955508 a multiple of 1264?
False
Is 2 a factor of 1247733?
False
Is 1372 a factor of 3234759808?
False
Does 580 divide 877397457?
False
Is 1778958172 a multiple of 8?
False
Is 57299334 a multiple of 52?
False
Is 279303480 a multiple of 1143?
True
Is 52077468 a multiple of 70?
False
Is 1277634124 a multiple of 74?
True
Is 835532227 a multiple of 12?
False
Is 181152510 a multiple of 85?
True
Is 1616 a factor of 35912174?
False
Is 467391884 a multiple of 89?
False
Does 3 divide 3418815?
True
Is 31784521 a multiple of 319?
False
Is 1423 a factor of 908049318?
False
Is 81804726 a multiple of 60?
False
Is 115540670 a multiple of 13?
False
Is 1003016068 a multiple of 68?
False
Is 3098 a factor of 4855254585?
False
Is 17503810 a multiple of 3?
False
Does 81 divide 24843024?
True
Is 9932270 a multiple of 13?
False
Is 33416798 a multiple of 453?
False
Is 1968282 a multiple of 16?
False
Does 29 divide 861958387?
True
Is 1009754111 a multiple of 7?
False
Is 53 a factor of 2392830845?
False
Is 407 a factor of 22763103?
True
Is 220 a factor of 173814950?
False
Does 69 divide 15225450?
False
Is 249417308 a multiple of 147?
False
Is 9543648 a multiple of 16?
True
Is 403921985 a multiple of 227?
False
Does 35 divide 105704445?
True
Is 138998224 a multiple of 38?
True
Is 1437 a factor of 297111246?
True
Is 40 a factor of 145264384?
False
Is 1756 a factor of 3919855584?
True
Is 2895 a factor of 32819492?
False
Is 90618004 a multiple of 32?
False
Is 797 a factor of 98509064?
False
Does 8 divide 14097587?
False
Is 153 a factor of 179533872?
True
Does 2453 divide 29330521?
True
Is 463789525 a multiple of 25?
True
Is 276271833 a multiple of 31?
False
Does 772 divide 947631544?
True
Is 165430012 a multiple of 31?
True
Is 895 a factor of 284879614?
False
Is 4327 a factor of 45365432?
False
Is 3 a factor of 23738850?
True
Is 1352 a factor of 138117086?
False
Is 30 a factor of 3379298010?
True
Is 589 a factor of 1187479366?
True
Is 1388994917 a multiple of 1176?
False
Does 32 divide 44975360?
True
Does 49 divide 27122529?
True
Is 5246286 a multiple of 249?
False
Is 77420262 a multiple of 67?
False
Does 16 divide 460377824?
True
Is 40792595 a multiple of 88?
False
Is 401 a factor of 373501045?
False
Does 59 divide 252402118?
True
Is 8 a factor of 20241088?
True
Is 475 a factor of 29022995?
False
Is 10 a factor of 37754011?
False
Is 57696292 a multiple of 28?
False
Is 407 a factor of 521768958?
False
Does 2092 divide 1049299084?
True
Is 68677714 a multiple of 1341?
False
Is 13349393 a multiple of 78?
False
Does 8 divide 634223882?
False
Does 17 divide 73686449?
True
Does 38 divide 2322967664?
True
Is 38 a factor of 22379302?
True
Is 11 a factor of 963641283?
True
Does 541 divide 220545142?
True
Is 38175358 a multiple of 313?
True
Does 9 divide 6295050?
True
Is 18821395 a multiple of 1285?
True
Is 334775031 a multiple of 250?
False
Is 17389964 a multiple of 124?
False
Is 791694504 a multiple of 59?
False
Does 2303 divide 171374635?
False
Is 12842968 a multiple of 42?
False
Is 225 a factor of 1431247725?
True
Is 24 a factor of 80894939?
False
Is 48533859 a multiple of 99?
True
Does 19 divide 146505993?
False
Is 22786476 a multiple of 12?
True
Is 2516 a factor of 239261536?
True
Is 61808592 a multiple of 8?
True
Is 3519 a factor of 693239481?
True
Is 515 a factor of 388164932?
False
Is 10585 a factor of 209318375?
True
Is 32209528 a multiple of 104?
True
Is 34013939 a multiple of 189?
False
Is 1558 a factor of 494104161?
False
Is 295264720 a multiple of 3843?
False
Is 378556625 a multiple of 4245?
False
Does 54 divide 209155950?
False
Does 12 divide 1441186?
False
Does 11 divide 19560727?
False
Does 14 divide 199469830?
True
Does 27 divide 201317048?
False
Does 51 divide 46384653?
True
Is 4750655 a multiple of 1379?
True
Is 38849943 a multiple of 73?
True
Is 247547010 a multiple of 50?
False
Is 502901440 a multiple of 1820?
False
Is 52 a factor of 727064?
True
Is 45532270 a multiple of 49?
True
Does 1281 divide 971920325?
False
Is 749 a factor of 123876361?
True
Is 536 a factor of 615683904?
True
Does 148 divide 43623932?
False
Does 632 divide 354084952?
True
Does 24 divide 1209715275?
False
Does 45 divide 70685592?
False
Is 23453934 a multiple of 10?
False
Is 132 a factor of 1953067593?
False
Is 1353556 a multiple of 247?
False
Does 186 divide 81383112?
False
Is 497240817 a multiple of 11?
False
Does 531 divide 161705961?
True
Is 90733658 a multiple of 489?
False
Is 18233600 a multiple of 880?
True
Is 11 a factor of 275711810?
True
Does 5221 divide 1077144510?
True
Does 1115 divide 69114390?
True
Is 3820 a factor of 4188446880?
False
Is 4712463 a multiple of 3?
True
Does 4026 divide 26559436?
False
Is 9385247 a multiple of 232?
False
Does 185 divide 25498364?
False
Is 753866528 a multiple of 4?
True
Is 308532401 a multiple of 37?
False
Is 571828896 a multiple of 81?
True
Does 3980 divide 45551848?
False
Is 11 a factor of 4985751202?
False
Does 21 divide 70756039?
False
Is 746823 a multiple of 159?
True
Is 79 a factor of 85013692?
False
Does 3978 divide 139691448?
True
Is 1235702535 a multiple of 94?
False
Is 23 a factor of 54209328?
False
Is 26 a factor of 21069100?
True
Does 30 divide 115080720?
True
Is 192 a factor of 92931189?
False
Does 81 divide 25791916?
False
Is 5758998 a multiple of 7?
True
Does 5232 divide 272482560?
True
Does 348 divide 1351981044?
True
Is 204516 a multiple of 13?
True
Does 288 divide 28267907?
False
Does 219 divide 1029480849?
False
Does 2655 divide 1753922205?
True
Does 567 divide 2015563767?
False
Is 1993791685 a multiple of 1345?
True
Is 1280166592 a multiple of 3436?
False
Does 52 divide 2897055751?
False
Does 10 divide 23995130?
True
Is 8425580 a multiple of 5?
True
Is 158 a factor of 1490252811?
False
Is 58 a factor of 336019914?
False
Is 1616986314 a multiple of 81?
True
Is 3085 a factor of 1930957465?
False
Is 53 a factor of 515146?
False
Does 67 divide 2924142?
False
Does 340 divide 456283733?
False
Does 10 divide 7032670280?
True
Is 185 a factor of 14734968?
False
Does 15 divide 13028182?
False
Is 76668319 a multiple of 63?
False
Does 344 divide 243259589?
False
Does 436 divide 2458950054?
False
Does 1033 divide 48128875?
False
Is 18 a factor of 68860500?
False
Is 118 a factor of 104376819?
False
Is 2469 a factor of 81146154?
True
Does 2185 divide 2714125174?
False
Is 36755658 a multiple of 51?
False
Is 501830569 a multiple of 791?
False
Is 748121462 a multiple of 2303?
False
Does 27 divide 29532676?
False
Does 5137 divide 617261920?
True
Is 109 a factor of 4604923?
True
Is 5050691 a multiple of 168?
False
Is 347664220 a multiple of 1010?
True
Is 34 a factor of 14480053?
False
Does 772 divide 25078420?
True
Is 46 a factor of 3103822400?
True
Does 8264 divide 707158744?
True
Is 1439649318 a multiple of 1394?
True
Does 786 divide 2951024424?
True
Does 2204 divide 711180791?
False
Is 54 a factor of 84046356?
True
Is 222575560 a multiple of 813?
False
Is 339659776 a multiple of 3244?
True
Is 8 a factor of 843722784?
True
Does 854 divide 116811833?
False
Is